 units digit of r?
6
Suppose 0 = 5*s - 5. Suppose -5*l - s = -4*l. Let t = 1 - l. What is the units digit of t?
2
Let u = -3 + 5. Suppose -u*i + 20 = 3*i. Suppose -4*d + i*n - 5*n + 20 = 0, 0 = 3*d - 2*n - 4. What is the units digit of d?
4
Suppose 87*i - 83*i = 364. What is the tens digit of i?
9
Let b(y) = -y**2 - 5*y + 8. Let o be b(-6). Suppose -22 + o = 5*p. Let i = 6 + p. What is the units digit of i?
2
Suppose 4*u - 71 = -0*u + 3*l, -l = 4*u - 83. Suppose -3*q + 4*h = -u, 2*h + 0*h = -2*q - 10. Let s = 1 - q. What is the units digit of s?
1
Let o(y) = y**3 - 6*y**2 + 3*y + 4. Let k be o(5). Let f(n) = n**2 + 4*n + 2. What is the tens digit of f(k)?
1
What is the hundreds digit of 668/3 + -2 + 13/39?
2
Suppose -4*i + 9 + 7 = 0. Let t(j) be the second derivative of -j**5/20 + 5*j**4/12 - j**3/6 + 2*j**2 + 2*j. What is the tens digit of t(i)?
1
Let x = 6 + -11. Let r = x + 0. Let y = 6 - r. What is the tens digit of y?
1
Let h(z) = 18*z + 7. Let p(i) = -18*i - 6. Let f(q) = -4*h(q) - 5*p(q). What is the units digit of f(2)?
8
Let c = 252 + -113. What is the hundreds digit of c?
1
Suppose 0 = 2*b - 69 - 139. What is the units digit of b?
4
Suppose -2 = 4*r - 10, 18 = 4*j - r. What is the units digit of j?
5
Suppose 0 = p - 442 + 133. What is the units digit of p?
9
Suppose 0 = 2*t + 2*a + 4, -4*t + 6 = -3*a - 14. Suppose -1 = 5*q - 11, 2*h + t*q - 38 = 0. What is the units digit of h?
7
Suppose 5*j - 20 = 5*k, j - 4*j + 8 = -k. Let r(l) = l**2 - 3*l + 4. Let y be r(3). Suppose 0 = 2*q + j - y. What is the units digit of q?
1
Let a be (-2)/(-2)*(-1)/1. Let h(c) = -c + 1. Let p be h(a). What is the units digit of -3 - (-2)/p - -6?
4
Let o be 1*-2*(0 - 2). Suppose 5*i - q = 56, -i - 2 - 2 = -o*q. What is the tens digit of i?
1
Let d = 7 + -1. Let f(g) = g**2 - 6*g + 8. What is the units digit of f(d)?
8
Suppose -119 = -2*w + 225. What is the hundreds digit of w?
1
Let g = 0 - 0. Suppose 0 = 5*x - 11 + 1. Suppose x*k - 8 + g = 0. What is the units digit of k?
4
Suppose 3*t = -n - 19, -4*t = 4*n + n + 51. Let s = 8 - n. What is the tens digit of s?
1
Let j = 6 - 1. Let b = j + 0. What is the units digit of b?
5
Let n(w) be the first derivative of w**3/3 + 3*w**2/2 - 4*w + 6. What is the units digit of n(-6)?
4
Let q(l) = -l**3 - 9*l**2 - 13*l - 11. What is the units digit of q(-8)?
9
Suppose -36 = -0*s + 4*s. Let h be 25/(-3) - (-4)/12. Let g = h - s. What is the units digit of g?
1
What is the units digit of -8 - -7 - (1 - 8)?
6
Suppose -k - 4 = 0, -43 = -d - 3*k - 16. Let s = -17 + d. What is the units digit of s?
2
Suppose -4*k = 4*a - 32, -20 = -10*a + 5*a + 5*k. Suppose -a*d = -8*d + 72. What is the tens digit of d?
3
Let r be (-15)/(-6)*(-1 - -3). Let y(o) = o**2 - 4*o - 1. Let j be y(r). Suppose -j*q = 3 - 67. What is the units digit of q?
6
Suppose 2*o - 218 = -4*v, 2*o + 7 = v - 35. What is the tens digit of v?
5
Let s(h) be the third derivative of 0 + 1/4*h**4 + 0*h - h**2 + 1/60*h**5 - 7/6*h**3. What is the units digit of s(-8)?
9
Suppose 4 - 2 = q - m, -2*m - 22 = 4*q. Let i be 6 - 0*q/(-6). Suppose -i - 3 = -3*u. What is the units digit of u?
3
Let u(g) = -2*g - 2. Let y be u(2). Let s(o) = -o**3 - 5*o**2 + 5*o - 3. What is the units digit of s(y)?
3
Let v(g) = -20*g + 2. Let y be v(-2). Suppose -3*w = -4*s + 15 + 9, 2*w = -2*s - 2. Suppose s*l - y = -0*l. What is the tens digit of l?
1
Let r(d) = -d**3 - 4*d**2 - 2*d. Let g be r(-3). Let v(a) = -2*a + 3. What is the units digit of v(g)?
9
Suppose -4*h - 15 - 6 = -3*m, -2*m + 4*h = -18. Suppose -5*z = -4*i + 19, m*z - 36 = -5*i + 34. What is the units digit of i?
1
Let p = 32 + -15. Suppose -6*i - 45 = -i. Let f = i + p. What is the units digit of f?
8
Let n(t) = t**2 - 2*t - 1. Let q be n(-1). Suppose q*g - 5 = -0*g + i, -i + 9 = 5*g. What is the units digit of g?
2
Let h(y) = y**3 - 16*y**2 + 23*y - 10. What is the hundreds digit of h(15)?
1
Suppose -v - 2*v - 4*b + 7 = 0, 3*b - 4 = -2*v. Let p = 8 - v. Suppose 1 + p = 2*u. What is the units digit of u?
2
Let k(z) = 33*z + 1. What is the tens digit of k(1)?
3
Suppose 3*w - 6*w + 44 = -5*t, -5*w + 48 = -2*t. What is the units digit of w?
8
Let h = 90 - 82. What is the units digit of h?
8
Let h be 8/10 + 3/15. Let p be h - 2/(2/7). Let g(m) = -m**3 - 5*m**2 + 6*m + 8. What is the units digit of g(p)?
8
Suppose 5*k - 78 - 12 = 4*l, 2*l - 32 = -3*k. Let u = k - -3. What is the tens digit of u?
1
Suppose -31 = -2*g + 51. What is the tens digit of g?
4
Suppose 0*z + 4*q = 3*z + 6, -q + 4 = -2*z. What is the tens digit of 7 - (-4 - z - 1)?
1
Let c(p) = 2*p + 9. Let j(z) be the first derivative of -z**2/2 - z + 1. Let s(a) = -c(a) - 4*j(a). What is the units digit of s(5)?
5
Let s(u) = -3*u + 1. Let y(m) = 3*m - 1. Let o(q) = 5*s(q) + 6*y(q). Let i be o(1). Suppose i*d - 12 = 4*a, 4*d + 2*a = a + 6. What is the units digit of d?
2
Let l = 291 - 158. What is the tens digit of l?
3
Let f(y) = -2*y + 42. What is the tens digit of f(0)?
4
Let u = -13 + 40. What is the tens digit of u?
2
Let g(c) = c. Let f be g(-7). Let y(d) = d + 3. Let v be y(f). Let b = v + 7. What is the units digit of b?
3
Let f = -164 - -280. What is the tens digit of f?
1
Let s(f) = -f**2 - 6*f + 4. Let r be s(-6). Suppose -5*l = -2 - 18. Suppose 5*a = 2*p - 10, l*p - r*a - 7 - 13 = 0. What is the units digit of p?
5
Let z = 2 + 33. What is the units digit of z?
5
Let k(t) = t**2 - 9*t - 13. Let o be k(11). Let h be -3*((-3)/o + 0). Suppose h = 5*s - 19. What is the units digit of s?
4
Let m be 1*(2 + -4) - -49. What is the units digit of (-10)/(-35) - m/(-7)?
7
Let z = 126 + -87. What is the tens digit of z?
3
What is the hundreds digit of (-267 - -8)/(-2 + 1)?
2
Let y = -5 + 11. Let v(b) = b**2 - 3*b - 5. What is the units digit of v(y)?
3
Let u be 2/3*24/4. Suppose -4*d = -3*a + 23, -6*d = -2*d + 8. Suppose -4*n + 4*p = -44, -p - u = -2*n - a*p. What is the units digit of n?
8
Let l be 2 + -2 - (-3 - 1). Suppose -l = -0*c - 4*c. Suppose 5*p - c = 4. What is the units digit of p?
1
What is the tens digit of (-10)/(-8)*2*16?
4
Let u(y) = -8*y**3 - y. What is the units digit of u(-1)?
9
Let b = 143 - 70. What is the tens digit of b?
7
Let z = 529 + -299. What is the tens digit of z?
3
Suppose 3*o + h - 277 = 0, -o + 0*h + 3*h + 99 = 0. What is the tens digit of o?
9
What is the units digit of 65 + 5 - (-3)/1?
3
Suppose -2*f - 8 = 2*f. Let p be -10*1/f - 2. Suppose -4*v = b - 28, -v + p*v = -5*b + 50. What is the units digit of b?
8
Let x(y) = y**3 + 9*y**2 + 9*y + 4. What is the units digit of x(-6)?
8
Suppose k + 12 + 18 = 0. Let f = 42 + k. What is the tens digit of f?
1
Let u(b) = -6*b**2 - 7*b + 2. Let m(p) = 5*p**2 + 7*p - 2. Let j(l) = -7*m(l) - 6*u(l). What is the tens digit of j(8)?
1
Suppose p - 180 = -4*p. Suppose -g + 4*g = p. What is the tens digit of g?
1
Let b(i) = i**2 - 3 + 21 - 2*i**2 + 2 - i. What is the tens digit of b(0)?
2
Let y = -21 + -1. Let g = -20 - y. What is the units digit of g?
2
Suppose 4*d + 5 = 5*p - 22, -5*d = -10. Let r(n) = n - 5. Let a be r(p). Let g = 4 - a. What is the units digit of g?
2
Let g(o) = o + 1. What is the units digit of g(7)?
8
Let o = -5 - -8. Suppose -o*a = -6*a + 228. Suppose -4*m + a = -0*m. What is the tens digit of m?
1
Let g = 39 + -17. What is the tens digit of g?
2
Let j be (4 - -2)/((-6)/(-33)). Let l be -2 + -2*j/(-6). Let m(s) = -s + 10. What is the units digit of m(l)?
1
Let j = 68 - 30. What is the units digit of j?
8
Suppose 0 = 5*w - 11 - 404. Let l = 129 - w. Suppose 2*i - r + 18 = l, 4*r = 0. What is the tens digit of i?
1
Let i(t) = 3*t - 2. What is the units digit of i(2)?
4
Let o(d) = -d**2 - 18*d - 12. What is the tens digit of o(-16)?
2
Let p(q) be the third derivative of -q**4/24 + q**3/6 - 3*q**2. What is the units digit of p(-4)?
5
Suppose -483 = -14*q + 1813. What is the tens digit of q?
6
Suppose y = 4*y. Suppose 12 + y = n. What is the tens digit of n?
1
What is the units digit of (-49)/(-14)*(-8)/(-14)?
2
Let t(x) = -8*x - 5. Let y be (-16)/6 + 7/(-21). What is the tens digit of t(y)?
1
Suppose 2*o + 3 + 1 = -4*j, 0 = -2*j - 6. Suppose o*l - 8 = -2*n, -5*l - n = 2*n - 9. Suppose t - 4*q = 2*t, l*t = -2*q + 40. What is the units digit of t?
6
Suppose -12*k = -7*k - 530. What is the un